et r be (-11)/((1 + -4)/30). Suppose 0 = 5*i + r - 325. What is the units digit of i?
3
Suppose 45*a - 18035 = 10630. What is the hundreds digit of a?
6
Let p(h) = 37*h**3 - h**2 + 2*h - 2. Let i = 15 - 14. What is the units digit of p(i)?
6
Let j(b) = 4*b + 124. What is the units digit of j(25)?
4
Suppose 832 = 4*i - 568. What is the units digit of i?
0
Let q(p) = 12*p**2 - 12*p - 21. What is the units digit of q(-6)?
3
Suppose 0 = -3*z + k + 317, 4*k = z - 0*k - 124. What is the units digit of z?
4
Let a(x) = 54*x + 29*x + 2 - 1. Let r be a(1). Suppose 0 = -0*l + 3*l - r. What is the tens digit of l?
2
Suppose 0 = 4*i + 16, i - 2*i - 22 = 3*s. What is the units digit of 3/((-45)/s)*5?
2
Let a be 15/20 + 9/(-12). Suppose b - 5*j - 80 = 0, 3*j = 2*b - a*b - 174. What is the tens digit of b?
9
Suppose -9*p + 5*p - 88 = 0. Let v = p - -25. Suppose -c + v*b + 17 = 0, -4*c - 5*b - 65 = -9*c. What is the tens digit of c?
1
Let l(o) = -3*o**2 + o**2 - 14*o + 5 - 6 + 10. Let k be l(-8). What is the units digit of ((-42)/(-8))/k*-8?
6
Let a(n) = 5*n**2 - 5*n - 3. Let l = 28 - 31. What is the units digit of a(l)?
7
Suppose 7800 = -55*h + 65*h. What is the hundreds digit of h?
7
Suppose d = 29 + 143. What is the units digit of d/12 + 2/(-6)?
4
Let f(t) = t**2 - 4*t + 2. Let m be (-4)/14 + 1270/35. Suppose 11 = -5*k + m. What is the units digit of f(k)?
7
Let n(c) = -8*c + 2. Let g(f) = 9*f - 1. Let h(a) = -3*g(a) - 2*n(a). Let w be h(6). Let m = -43 - w. What is the units digit of m?
4
Suppose -54*l = -55*l + 221. What is the tens digit of l?
2
Suppose 4*w = -5*c - 1772, -5*c = -3*c - 4*w + 720. What is the units digit of c/(-22) + 228/(-44) + 5?
6
Let w(r) = 12*r**2 + 2*r. Let g be w(2). Let h be (0 - 2)*(-1)/1. Suppose h*u + 5*l - 3 = g, -2*u - 2*l = -40. What is the tens digit of u?
1
Let g = 1617 + -581. What is the units digit of g?
6
Suppose -4*q = q - 3620. What is the tens digit of q?
2
Suppose -18*s + s + 13345 = 0. What is the tens digit of s?
8
Let m = 98 - 120. What is the tens digit of (-30)/(m/(-26) - 1)?
9
Suppose 3*c - 9816 = -2*k, 4*k - 3*c - 16303 - 3293 = 0. What is the tens digit of k?
0
Let o(h) = 4*h**2 + 34*h + 14. What is the units digit of o(-20)?
4
Let a(h) = -157*h - 1096. What is the hundreds digit of a(-20)?
0
Suppose 0 = 14*y + 442 - 2710. What is the hundreds digit of y?
1
Let m = -200 + 310. What is the hundreds digit of m?
1
Let x(h) be the first derivative of h**3 - 2*h**2 + 3*h - 35. What is the units digit of x(5)?
8
Suppose 7*t - 650 = 785. Let k = t + -118. What is the units digit of k?
7
Let u = -25 + 45. Suppose -4*y + u = y. What is the units digit of y?
4
Let k(d) = -20 + 2*d - d + 2*d. Suppose 49 = 3*p - 5. What is the tens digit of k(p)?
3
Let h = 117 + -62. Let g(y) = -58*y**2 + y + h*y**2 - y**3 - 7 - y. What is the units digit of g(-5)?
3
What is the tens digit of ((-8)/(-5))/(-7*12/(-50190))?
5
Let b(h) = h**3 - 7*h**2 + 33*h - 110. What is the tens digit of b(11)?
3
Let n(f) = 87*f**2 + 5*f + 3. Let s(k) = -29*k**2 - 2*k - 1. Let o(v) = 4*n(v) + 11*s(v). Let x be ((-2)/3)/((-4)/6). What is the tens digit of o(x)?
2
Suppose 24*p + 17330 - 127586 = 0. What is the tens digit of p?
9
Suppose -44 = -2*x + 5*h - 5, -4*h = 12. Let v = 92 - x. What is the tens digit of v?
8
Let j(h) = -526*h**3 + h**2 + 3*h + 1. What is the units digit of j(-1)?
5
Suppose -5*p - 2*y + 4401 = -15096, -2*p = -3*y - 7814. What is the thousands digit of p?
3
Suppose 11*c = 66 - 22. Suppose 3*y - 1076 = v - 45, 5*v + 1393 = c*y. What is the tens digit of y?
4
Suppose -2*t = -8*t. Suppose 2*x - 542 = -3*s - 58, t = -s + 2*x + 148. What is the tens digit of s?
5
Let d(h) = 2*h**3 - 31*h**2 + 17*h - 228. What is the tens digit of d(16)?
0
What is the hundreds digit of (415 - (4 - 7)) + -3?
4
Let h = 14 - -4. Suppose 4*g = 4*p + 4, -3*g - 2*p + 5 = -3*p. Suppose 0 = -v + g*x + h, v - 36 = -v - 5*x. What is the units digit of v?
8
What is the hundreds digit of (-3297112)/(-1144) + -2 + 21/11?
8
Let f = 1198 - -274. What is the tens digit of f?
7
Let t = 12 + -11. What is the units digit of 11 - (0 - (2 + t))?
4
Let y(n) = 2*n**2 - 12*n + 124. What is the tens digit of y(16)?
4
Suppose 0 = -33*m + 38*m - 2890. What is the tens digit of m?
7
Let r = 69 - 65. Let n(t) = 2*t**3 - 3*t**2 - 9*t - 3. What is the tens digit of n(r)?
4
Let l(p) = 4*p**2 + 6*p + p**2 + 6*p**2 + 5*p**2. Let i be l(-4). Suppose d = 5*d - i. What is the tens digit of d?
5
Let n(u) = -58*u + 2. Let y be n(-3). Let m = y + -124. What is the tens digit of m?
5
Let c = -1927 - -2809. What is the tens digit of c?
8
Let p(j) = j**3 - 11*j**2 + 10*j - 13. Let t(l) = 10*l**2 - l + 2. Let n be t(1). What is the units digit of p(n)?
7
What is the tens digit of (-35724)/117*135/(-12)?
3
Suppose -3*u + 4*d = 0, 3*u = -u - 3*d. Suppose u = -j - 0*j, 0 = f - 2*j - 5. Suppose 0 = f*c - 89 - 21. What is the tens digit of c?
2
Let d = -32 + 48. Let r = d + -1. What is the tens digit of r?
1
Let d be 14 + -1 + 0 + -3. Let g = d + -5. Suppose 4*n + 54 = g*n + 3*q, 0 = n + 5*q - 64. What is the tens digit of n?
3
Let w(m) = m**2 + 3 + m**2 - 3*m + 9*m. Suppose 2*i + 3 = 5*i, 4 = -u - i. What is the tens digit of w(u)?
2
Suppose 24*y = 22*y + 1480. What is the units digit of y?
0
Let s be (-26)/4 + 4/(-8). Let f = -4 - s. Suppose f*c - 1 - 5 = 0. What is the units digit of c?
2
Suppose -682 - 6483 = -5*z. What is the units digit of z?
3
Let l(w) = w**3 + 9*w**2 + 2*w - 13. What is the units digit of l(4)?
3
Suppose 33*p - 106*p = -208780. What is the hundreds digit of p?
8
Let s = 2 + 4. Suppose 0 = -b + s*b - 355. What is the units digit of b?
1
Let z(w) = -8*w**3 + 1. Let a be z(-1). Suppose -s + 4*s = -a. Let c = -2 - s. What is the units digit of c?
1
Let v(k) = -3*k + 1. Let y be v(-4). Let c(z) = -3*z**2 + 7 - 4*z**2 - 3*z**3 + y*z + 4*z**3. What is the units digit of c(6)?
9
Suppose -18 - 6 = 4*t. Let g be 2*(21/t - -3). Let s = g + 20. What is the units digit of s?
9
Suppose 0 = -0*s + s - 3. Let f = 1 + s. What is the units digit of f?
4
Let y = -31 + 38. Let j = 29 - y. What is the tens digit of j?
2
Suppose -w + 1565 = x, -2*w - w + 2*x = -4710. What is the tens digit of w?
6
Suppose -203*o = -207*o + v + 877, -5*v = -o + 243. What is the units digit of o?
8
Let j = 16 + -16. Let x(u) = u**2 - 5*u + 47. What is the tens digit of x(j)?
4
Let m = 1806 + -792. What is the tens digit of m?
1
Let f = 87 - 85. Suppose 4*c + 329 = 3*z, c = -f*z - 2*c + 225. What is the tens digit of z?
1
Suppose 5*x - o - 2*o = -702, 0 = 2*x + o + 272. Let y = -28 - x. What is the hundreds digit of y?
1
Suppose 143 = y - 2*g - 95, g + 4 = 0. What is the hundreds digit of y?
2
Let i be (4/(-3))/(3/(-45)). Suppose -s - 2*s = 15, -3*v - i = s. Let b(j) = -j**2 - 7*j + 7. What is the tens digit of b(v)?
1
Let h = -1839 - -2273. What is the tens digit of h?
3
Let x = 42 - 24. What is the tens digit of x*(0 + (-4 - -8))?
7
Suppose -19*b + 14*b = 265. Let r = 102 + b. What is the tens digit of r?
4
Suppose 789 = 4*f - h, 4*f - 189 = -2*h + 585. What is the tens digit of f?
9
Let w = 9 + -7. Suppose -3 = -k - w. Let v = 16 - k. What is the tens digit of v?
1
Let u = -30 - -45. Suppose -2*a + 4*a + 17 = o, -3*o - u = 0. Let y(d) = d**3 + 11*d**2 + 16. What is the tens digit of y(a)?
1
Let l = 19 - 33. Let h = l - -12. What is the units digit of 2*h - (2 - 31)?
5
Suppose -7*f + 36 = -6*f. Suppose -5*v = -v + f. What is the units digit of 84/v*12/(-8)?
4
Let t = 4 + 5. Let y(o) = o**3 - 9*o**2 - 10. Let q be y(t). Let h = 47 + q. What is the units digit of h?
7
Suppose 9*a - 2243 = -z + 6*a, 0 = 2*a - 4. What is the units digit of z?
7
Suppose -4*m + 3*m - 1735 = -5*o, -3*m = 5*o - 1715. What is the hundreds digit of o?
3
Let a(d) = d**3 - 22*d**2 + 32*d - 21. What is the tens digit of a(21)?
1
Let o(i) = i**3 + 7*i**2 + 6*i - 5. Let v be o(-6). Let y(x) = -7 - 1 + 1 - 4 - 3*x - 1. What is the units digit of y(v)?
3
Suppose 4*y + 6 = 2*f, y = 5*f - 6 - 18. Let l = -20 - -54. Suppose 5*x - 21 - l = 2*s, 50 = f*x - s. What is the units digit of x?
9
Suppose -3*b - 56 = -h, -261 = -5*h - b - 3*b. Suppose y = h + 32. What is the tens digit of y?
8
Let o be 1 - 3 - (3 - 6). What is the hundreds digit of (-2 + o)*